1?
8
What is the thousands digit of 84449?
4
What is the tens digit of 33824?
2
What is the thousands digit of 3408?
3
What is the tens digit of 1607?
0
What is the ten thousands digit of 101173?
0
What is the hundreds digit of 65715?
7
What is the tens digit of 1386?
8
What is the units digit of 914?
4
What is the units digit of 1512?
2
What is the units digit of 2069?
9
What is the thousands digit of 6875?
6
What is the thousands digit of 2276?
2
What is the units digit of 625?
5
What is the tens digit of 11825?
2
What is the thousands digit of 2886?
2
What is the ten thousands digit of 56331?
5
What is the units digit of 409?
9
What is the thousands digit of 34571?
4
What is the units digit of 23757?
7
What is the tens digit of 4038?
3
What is the thousands digit of 30473?
0
What is the tens digit of 4394?
9
What is the tens digit of 29312?
1
What is the tens digit of 1748?
4
What is the units digit of 6361?
1
What is the units digit of 25490?
0
What is the ten thousands digit of 51809?
5
What is the hundreds digit of 151162?
1
What is the units digit of 1043?
3
What is the units digit of 4536?
6
What is the units digit of 257?
7
What is the thousands digit of 5703?
5
What is the thousands digit of 60258?
0
What is the units digit of 139?
9
What is the thousands digit of 3690?
3
What is the tens digit of 1329?
2
What is the ten thousands digit of 15212?
1
What is the units digit of 6098?
8
What is the hundreds digit of 312?
3
What is the thousands digit of 8006?
8
What is the ten thousands digit of 13047?
1
What is the thousands digit of 2369?
2
What is the units digit of 2499?
9
What is the thousands digit of 6607?
6
What is the hundreds digit of 16327?
3
What is the hundreds digit of 899?
8
What is the ten thousands digit of 93151?
9
What is the tens digit of 1277?
7
What is the hundreds digit of 1393?
3
What is the units digit of 14?
4
What is the thousands digit of 14712?
4
What is the thousands digit of 1795?
1
What is the tens digit of 85782?
8
What is the thousands digit of 34179?
4
What is the thousands digit of 2303?
2
What is the tens digit of 2923?
2
What is the units digit of 670?
0
What is the ten thousands digit of 13530?
1
What is the tens digit of 36274?
7
What is the hundreds digit of 4649?
6
What is the hundreds digit of 64781?
7
What is the ten thousands digit of 14602?
1
What is the units digit of 6633?
3
What is the thousands digit of 1014?
1
What is the hundreds digit of 327?
3
What is the ten thousands digit of 76407?
7
What is the units digit of 2664?
4
What is the units digit of 6990?
0
What is the ten thousands digit of 41478?
4
What is the ten thousands digit of 14068?
1
What is the hundreds digit of 53145?
1
What is the thousands digit of 2131?
2
What is the hundreds digit of 922?
9
What is the units digit of 15?
5
What is the tens digit of 3578?
7
What is the hundreds digit of 1620?
6
What is the hundreds digit of 1932?
9
What is the tens digit of 76367?
6
What is the tens digit of 547?
4
What is the units digit of 15287?
7
What is the thousands digit of 4797?
4
What is the hundreds digit of 59963?
9
What is the tens digit of 330?
3
What is the tens digit of 5262?
6
What is the ten thousands digit of 32060?
3
What is the units digit of 17987?
7
What is the tens digit of 18869?
6
What is the hundreds digit of 1091?
0
What is the hundreds digit of 563?
5
What is the ten thousands digit of 144463?
4
What is the thousands digit of 3691?
3
What is the tens digit of 2601?
0
What is the tens digit of 20904?
0
What is the hundreds digit of 775?
7
What is the units digit of 3239?
9
What is the thousands digit of 23302?
3
What is the units digit of 543?
3
What is the tens digit of 1540?
4
What is the units digit of 3979?
9
What is the thousands digit of 49119?
9
What is the units digit of 62644?
4
What is the units digit of 14712?
2
What is the thousands digit of 2187?
2
What is the tens digit of 8731?
3
What is the thousands digit of 23151?
3
What is the hundreds digit of 26369?
3
What is the hundreds digit of 67579?
5
What is the tens digit of 1118?
1
What is the hundred thousands digit of 122008?
1
What is the units digit of 20559?
9
What is the hundreds digit of 2518?
5
What is the thousands digit of 52874?
2
What is the tens digit of 166?
6
What is the hundreds digit of 917?
9
What is the hundreds digit of 6786?
7
What is the tens digit of 69?
6
What is the units digit of 96342?
2
What is the tens digit of 2099?
9
What is the thousands digit of 4082?
4
What is the tens digit of 1251?
5
What is the thousands digit of 6388?
6
What is the hundreds digit of 239?
2
What is the thousands digit of 29799?
9
What is the units digit of 305?
5
What is the tens digit of 1991?
9
What is the hundreds digit of 987?
9
What is the units digit of 1120?
0
What is the units digit of 2823?
3
What is the thousands digit of 1036?
1
What is the hundreds digit of 403?
4
What is the thousands digit of 18596?
8
What is the thousands digit of 4148?
4
What is the thousands digit of 27385?
7
What is the tens digit of 2711?
1
What is the tens digit of 43402?
0
What is the thousands digit of 165195?
5
What is the units digit of 2339?
9
What is the tens digit of 6355?
5
What is the thousands digit of 13009?
3
What is the hundreds digit of 15817?
8
What is the tens digit of 92008?
0
What is the tens digit of 15844?
4
What is the hundreds digit of 11319?
3
What is the hundreds digit of 1696?
6
What is the units digit of 160424?
4
What is the tens digit of 5546?
4
What is the hundreds digit of 831?
8
What is the ten thousands digit of 11242?
1
What is the ten thousands digit of 18399?
1
What is the hundreds digit of 1695?
6
What is the tens digit of 71311?
1
What is the tens digit of 77458?
5
What is the units digit of 1067?
7
What is the units digit of 495?
5
What is the tens digit of 27?
2
What is the ten thousands digit of 60536?
6
What is the hundreds digit of 156?
1
What is the tens digit of 9137?
3
What is the tens digit of 138433?
3
What is the hundreds digit of 81993?
9
What is the hundreds digit of 2407?
4
What is the tens digit of 1647?
4
What is the tens digit of 135386?
8
What is the units digit of 632?
2
What is the hundreds digit of 9101?
1
What is the hundreds digit of 604?
6
What is the hundreds digit of 39433?
4
What is the tens digit of 5912?
1
What is the tens digit of 197?
9
What is the units digit of 5390?
0
What is the thousands digit of 5635?
5
What is the hundreds digit of 17018?
0
What is the thousands digit of 10748?
0
What is the thousands digit of 1887?
1
What is the units digit of 1006?
6
What is the units digit of 5854?
4
What is the thousands digit of 36797?
6
What is the tens digit of 59?
5
What is the tens digit of 61271?
7
What is the units digit of 12237?
7
What is the hundreds digit of 37005?
0
What is the units digit of 102?
2
What is the units digit of 68829?
9
What is the hundreds digit of 45763?
7
What is the tens digit of 34192?
9
What is the units digit of 1626?
6
What is the thousands digit of 72809?
2
What is the hundreds digit of 19883?
8
What is the thousands digit of 29182?
9
What is the tens digit of 1947?
4
What is the thousands digit of 24753?
4
What is the thousands digit of 2364?
2
What is the units digit of 6033?
3
What is the hundreds digit of 306?
3
What is the thousands digit of 6068?
6
What is the ten thousands digit of 16253?
1
What is the thousands digit of 24224?
4
What is the thousands digit of 35071?
5
What is the thousands digit of 21737?
1
What is the thousands digit of 1533?
1
What is the thousands digit of 88944?
8
What is the thousands digit of 10251?
0
What is the ten thousands digit of 46719?
4
What is the tens digit of 4068?
6
What is the hundreds digit of 1299?
2
What is the units digit of 12619?
9
What is the units digit of 130825?
5
What is the tens digit of 833?
3
What is the hundreds digit of 36800?
8
What is the thousands digit of 12183?
2
What is the thousands digit of 6813?
6
What is the hundreds digit of 1330?
3
What is the thousands digit of 110382?
0
What is the hundreds digit of 12876?
8
What is the thousands digit of 62567?
2
What is the tens digit of 7783?
8
What is the units digit of 246?
6
What is the ten thousands digit of 60766?
6
What is the units digit of 893